se -8*r + 765 - 485 = 0. Suppose -31*l + r*l = 4828. What are the prime factors of l?
17, 71
Suppose 4*w - 5*u - 64 = 54, 0 = -3*w - 4*u + 104. Suppose -4*a - 5*q = -3 - w, -7 = a - 4*q. Suppose 0 = -6*f + a*f + 162. List the prime factors of f.
2, 3
Let r = 8 + -30. Let i = r + 32. Suppose -2*d - 136 = -i*d. List the prime factors of d.
17
Let b(f) = f**2 - 65*f + 7. Let i be b(10). Let h = i + 822. What are the prime factors of h?
3, 31
Let h be 10/4*(0 + (-4)/(-2)). Suppose -h*u - 480 = -1765. Suppose -5*d + u + 18 = 0. List the prime factors of d.
5, 11
List the prime factors of (-10931300)/(-200) + -1 + (-20)/8.
31, 41, 43
List the prime factors of 15/40 + 603/15*(-1585)/(-8).
3, 5, 59
Let w be -2 + (-647 - (4 + -2)). Let t be w/(-126) + 1/(-6). Suppose t*c = 529 - 54. What are the prime factors of c?
5, 19
Suppose 3*a = -g + 18778, -3*a + 216*g + 18762 = 213*g. What are the prime factors of a?
2, 3, 7, 149
Let a(k) = 170*k**2 + 9*k - 96. List the prime factors of a(10).
2, 29, 293
Suppose 3*g - 12 = -g. Suppose -534 = -2*r + p - g*p, 2*r + 3*p = 535. Suppose -3*x + 99 = -3*n, n = -5*x + r - 71. List the prime factors of x.
2, 19
What are the prime factors of ((-6105)/(-10) - 4) + (-3)/6?
2, 3, 101
Let d be 3/1 + 7 + -3 + 5. What are the prime factors of (-1120)/(d/(-3)) + 3?
283
Let l = 169 + 21819. List the prime factors of l.
2, 23, 239
Let i be 23/((-1377)/276 - -5). Suppose 1004 + i = 8*x. What are the prime factors of x?
2, 3, 5, 13
Let l(u) = -u**2 + 21*u - 12. Let t be l(18). Let k = t - 27. Suppose -20*n + k*n + 250 = 0. What are the prime factors of n?
2, 5
Let n = 159 - 146. Suppose n*f - 1855 = 6*f. Suppose 4*g = -1 + f. List the prime factors of g.
2, 3, 11
Let i(j) = 65*j**2 + 1 - 23*j + 1 + 18*j + 80*j**2 - 10*j. List the prime factors of i(-2).
2, 3, 17
Let h(c) be the second derivative of 11*c**4/12 + 2*c**3/3 - c**2 + 12*c. Let k = -67 + 69. List the prime factors of h(k).
2, 5
Let f be 12/(-36) + (-50)/(-6). Suppose 4*c + f - 24 = 0. Suppose 2*o = 4*g + 36, 2*o + c*g - 105 = -29. What are the prime factors of o?
2, 7
Let d(t) = 7400*t**2 + 28*t + 2. What are the prime factors of d(-1)?
2, 3, 1229
Let q be 16/(11/4 - 3). Let f = q - -69. Suppose 0 = f*m - 614 - 81. List the prime factors of m.
139
Let o = 560 - 339. Let b = o - -723. List the prime factors of b.
2, 59
Let q be 1/4 - 25803/(-36). Suppose 0 = -15*o + 19*o + 3*v - 555, 0 = -5*o + 4*v + q. List the prime factors of o.
3, 47
Suppose 337*a + 17*a - 8714418 = 0. List the prime factors of a.
103, 239
Suppose 58*s - 62*s = -12. Let l(f) = 274*f - 6. Let d be l(s). Suppose 3*v - 318 - 294 = -3*j, 0 = 4*v - 3*j - d. What are the prime factors of v?
2, 3, 17
What are the prime factors of 2793*(-8 + (-1 - (-138)/14))?
2, 3, 7, 19
Suppose 0 = -35*t + 29*t. Suppose t = -2*y + 8*a - 5*a + 2630, 4*y + 4*a = 5220. What are the prime factors of y?
7, 11, 17
Let w = -46366 - -117005. List the prime factors of w.
70639
Suppose 4*w - 3*z = -196, -4*w - 3*z - 168 = z. Let o = -72 - w. List the prime factors of 3*o/12*-10.
5, 13
Suppose 0 = -3*k - 4*y + 30, -3*y - 16 = 4*k - 49. Let z be (k/(-4))/(6/(-372)). Let h = z + -29. What are the prime factors of h?
2
Let a(r) = r**2 + r + 3. Let l(h) = 4*h**2 - 13*h + 6. Let o(k) = -5*a(k) + l(k). Suppose 16 + 2 = -2*s. What are the prime factors of o(s)?
2, 3
Suppose 18*z - 15*z - 15*z + 82440 = 0. What are the prime factors of z?
2, 3, 5, 229
Let p(o) = 7*o - 43. Let s be p(14). Suppose -180 = -5*x + s. Let f = 87 - x. What are the prime factors of f?
2, 5
Suppose 410 = t + 2*o, 0*t - t + 4*o = -410. Suppose -t - 541 = -3*d. What are the prime factors of d?
317
Let a(c) = 13*c**3 - 14*c**2 - 15*c - 7. List the prime factors of a(13).
11, 17, 139
Let y = -91 - -81. Let i be 116/y + ((-48)/(-20))/(-6). List the prime factors of 16/i*(4 + 658/(-4)).
2, 107
Suppose 2*b - 250 = -3*q, 5*q = -0*q + b + 395. Let c be -3 + -45 + 6/2. Let j = q + c. What are the prime factors of j?
5, 7
Suppose 5*h - g + 20 = 0, 2*h + 5 = 13*g - 12*g. Let c(l) = -106*l - 20. List the prime factors of c(h).
2, 3, 5, 17
Suppose 0 = -29*g - 74*g + 412279 + 5023958. What are the prime factors of g?
3, 73, 241
What are the prime factors of (1 - 6)/((-485)/1237526) + (5 - 1)?
2, 3, 709
List the prime factors of -14 - -4233 - (-8 - -6).
3, 7, 67
Suppose -6 = -6*z - 0*z. Suppose -20 - z = -7*w. Suppose -4*r + 356 = -x, -160 = -3*r + w*x + 107. What are the prime factors of r?
89
What are the prime factors of (-3573)/(-794) + (-21847)/(-2)?
2, 683
Let d(b) = 22*b**2 + 8*b + 15. Suppose -41*c = -44*c - 9. List the prime factors of d(c).
3, 7
Suppose -3*u = -3, 6*l = 3*l + 5*u + 14713. What are the prime factors of l?
2, 11, 223
Suppose -7*v + t = -4*v + 4, -4*t = -2*v - 16. Suppose v = -3*x + s + 14, -4*x = -2*s - 3*s - 37. Suppose -x*l - 396 = -14*l. What are the prime factors of l?
2, 3
Suppose 2*m + 510 = 4*y, 0 = y + 3*m - 112 - 5. Suppose -3*j + y = -1146. What are the prime factors of j?
2, 53
Let n = -3071 + 3142. What are the prime factors of n?
71
Suppose 37*k + t = 34*k + 31177, 0 = k - 5*t - 10419. What are the prime factors of k?
2, 5197
Suppose 7*z - 145 = -138. List the prime factors of (-16)/12*-156 + (3 - z).
2, 3, 5, 7
Let n = 1178 + -422. Suppose 5*l - 6*l = -4*k + 1527, 2*k + 2*l = n. What are the prime factors of k?
3, 127
Suppose 39106 - 1417 = 14*n + 37*n. What are the prime factors of n?
739
Suppose 0 = -5*x + 8*x - 21. Suppose x*u = 4782 - 1821. What are the prime factors of u?
3, 47
Suppose 2809*m = 2795*m + 105462. List the prime factors of m.
3, 31
Let s(c) = 2*c - 6. Let n be s(11). Suppose -i - n = -19. Suppose -t + d - 6*d = -106, -390 = -3*t + i*d. List the prime factors of t.
2, 3, 7
Let f be (-25)/(-2)*(24/30)/1. Let w(c) = 36*c + 112. List the prime factors of w(f).
2, 59
Let u be -3*6/99 - 356/(-22). Suppose 0 = 4*f + u, -j - 2*j + 1301 = -5*f. Suppose -v - 3*a = -129, 0 = -4*v + v - a + j. What are the prime factors of v?
2, 3
Let f(m) = -18*m**3 - m**2 - m + 2. Let c be f(1). Let z = c - -14. Let l(b) = -6*b - 14. List the prime factors of l(z).
2, 5
Suppose 3*c + 3 = -5*p, 0*c = 2*p + 2*c + 2. Suppose -12*l - 2777 = -101. List the prime factors of -1 + p + 6 - l.
2, 3, 19
Let b(a) = 66*a**2 + 83*a - 315. List the prime factors of b(-28).
5, 7, 23, 61
Suppose -3*g - 6 + 16 = -5*t, -4*g = 3*t - 23. Suppose 3*w + 11 = -2*b - 9, w + g = -b. List the prime factors of (-20)/50 - 764/w.
2, 19
Let j = 2487 - 1236. List the prime factors of j - -1*(-13 + 9).
29, 43
Let m(w) = w**2 - 23*w - 41. Let x = -189 - -172. What are the prime factors of m(x)?
3, 71
Let x(g) be the first derivative of g**4/4 + 8*g**3 + 16*g**2 - 29*g - 163. List the prime factors of x(-20).
7, 19
Suppose 2*w = 4*h - 6, -4*h - 2*w = -w + 3. Suppose h = 39*g + 22275 - 83583. What are the prime factors of g?
2, 3, 131
Suppose -3*f = -f - 2. Let y(q) = -q + 4. Let o be y(f). Suppose 5*d + 7*n - o*n = 358, -139 = -2*d - 3*n. What are the prime factors of d?
2, 37
Let p be (-1)/2 - (-1 - (-55)/(-10)). Suppose 8 = -5*q + p*q. Suppose q - 72 = -2*c + 4*f, f = 5. What are the prime factors of c?
2, 3, 7
What are the prime factors of 3611/((-23)/35 - 12/(-15))?
7, 23, 157
Suppose -2*u - 4*q + 7734 = 0, q - 3663 = -4*u + 11805. What are the prime factors of u?
3, 1289
Suppose -8*a + 41291 = -7*a + 2*p, 0 = -2*p + 4. What are the prime factors of a?
19, 41, 53
Let x be (-770)/33*1488/(-20). Let f = x - 356. List the prime factors of f.
2, 3, 5, 23
Let x be -2*((-15)/(-10))/(-1). What are the prime factors of (2 + (-70)/(-4))*6 + x?
2, 3, 5
Let u(j) = 219*j + 9. Let m be u(2). Suppose -m*c = -456*c + 10494. List the prime factors of c.
2, 11, 53
Let d(m) = -17*m + 174. Let w be d(10). Suppose w*v + 10*j = 14*j + 740, 2*v + j - 355 = 0. List the prime factors of v.
2, 3, 5
Let l(d) = d**2 - 16*d - 91. Let p be l(18). What are the prime factors of (-2 + -124*2)/(10/p)?
5, 11
Suppose 0*l = 2*l - 382 - 1856. What are the prime factors of l?
3, 373
Suppose -2*n + 2213 + 1717 = -4*j, -4*n - j = -7860. List the prime factors of n.
3, 5, 131
Suppose -p - 2*c + 132 = 0, -4*p = 55*c - 58*c - 517. Let f = p + 676. What are the prime factors of f?
2, 13, 31
Let q = -35609 + 50155. List th